.
1721
Calculate the remainder when 23720925 is divided by 66075.
0
What is the remainder when 633120620 is divided by 125?
120
Calculate the remainder when 137804 is divided by 422.
232
Calculate the remainder when 62527 is divided by 390.
127
What is the remainder when 111868 is divided by 7443?
223
Calculate the remainder when 4286597 is divided by 1428850.
47
What is the remainder when 1958498 is divided by 25?
23
Calculate the remainder when 7075069 is divided by 7682.
7629
Calculate the remainder when 15583324 is divided by 1416659.
75
Calculate the remainder when 354017 is divided by 298.
291
What is the remainder when 1548603 is divided by 516197?
12
What is the remainder when 8328224 is divided by 1642?
0
Calculate the remainder when 1030260 is divided by 18.
12
Calculate the remainder when 19204610 is divided by 73.
62
Calculate the remainder when 13856 is divided by 9426.
4430
What is the remainder when 7626650 is divided by 762664?
10
Calculate the remainder when 27789 is divided by 308.
69
Calculate the remainder when 1051313 is divided by 3179.
2243
What is the remainder when 1427107 is divided by 8597?
5
What is the remainder when 18552948 is divided by 146?
144
What is the remainder when 47996 is divided by 2990?
156
What is the remainder when 5745708 is divided by 2215?
2213
Calculate the remainder when 21478664 is divided by 3579768.
56
What is the remainder when 676279 is divided by 448?
247
What is the remainder when 12760915 is divided by 4253588?
151
Calculate the remainder when 2236881 is divided by 229.
9
Calculate the remainder when 32058901 is divided by 55084.
13
What is the remainder when 45664091 is divided by 3044271?
26
Calculate the remainder when 915996 is divided by 9443.
25
Calculate the remainder when 18090356 is divided by 17.
10
What is the remainder when 19600863 is divided by 279?
276
Calculate the remainder when 150531 is divided by 50156.
63
What is the remainder when 2014276 is divided by 936?
4
What is the remainder when 164762 is divided by 32949?
17
What is the remainder when 667072 is divided by 27791?
88
Calculate the remainder when 3897334 is divided by 216514.
82
Calculate the remainder when 86961839 is divided by 5180.
5179
What is the remainder when 124398 is divided by 41415?
153
Calculate the remainder when 5375 is divided by 5316.
59
What is the remainder when 350647 is divided by 811?
295
What is the remainder when 3363185 is divided by 3363151?
34
What is the remainder when 1033214 is divided by 6541?
6277
Calculate the remainder when 436819 is divided by 8095.
7784
Calculate the remainder when 61436 is divided by 6310.
4646
Calculate the remainder when 21954 is divided by 10952.
50
Calculate the remainder when 43442031 is divided by 2231.
2230
What is the remainder when 31477616 is divided by 8430?
8426
Calculate the remainder when 166876 is divided by 888.
820
What is the remainder when 8049570 is divided by 118376?
2
Calculate the remainder when 268682 is divided by 906.
506
What is the remainder when 543372 is divided by 13584?
12
Calculate the remainder when 439654 is divided by 566.
438
What is the remainder when 60188773 is divided by 274?
15
What is the remainder when 506554 is divided by 798?
622
What is the remainder when 80001 is divided by 4359?
1539
What is the remainder when 11148898 is divided by 3335?
3328
What is the remainder when 431072 is divided by 155?
17
What is the remainder when 374935 is divided by 1431?
13
Calculate the remainder when 935939045 is divided by 2069.
2067
Calculate the remainder when 14109 is divided by 2744.
389
What is the remainder when 44399177 is divided by 27?
26
Calculate the remainder when 228049 is divided by 109663.
8723
What is the remainder when 35404009 is divided by 328?
17
What is the remainder when 898764 is divided by 2365?
64
Calculate the remainder when 9420698 is divided by 3253.
10
What is the remainder when 52902 is divided by 17606?
84
What is the remainder when 115977239 is divided by 60?
59
Calculate the remainder when 2508690 is divided by 30.
0
Calculate the remainder when 49810783 is divided by 1965.
1963
Calculate the remainder when 17811774 is divided by 397.
369
What is the remainder when 6437367 is divided by 528?
519
Calculate the remainder when 761396 is divided by 38.
28
What is the remainder when 677726538 is divided by 332?
330
What is the remainder when 1847718 is divided by 4171?
4136
What is the remainder when 501228 is divided by 304?
236
Calculate the remainder when 286585 is divided by 1874.
1737
Calculate the remainder when 425819 is divided by 264.
251
What is the remainder when 3674769 is divided by 918685?
29
Calculate the remainder when 11241 is divided by 1592.
97
Calculate the remainder when 1216704 is divided by 607876.
952
Calculate the remainder when 4813901 is divided by 302.
21
What is the remainder when 266922 is divided by 99?
18
What is the remainder when 315913 is divided by 104329?
2926
Calculate the remainder when 3673711 is divided by 31945.
36
What is the remainder when 11906941 is divided by 283?
282
What is the remainder when 83847 is divided by 325?
322
Calculate the remainder when 417655626 is divided by 26.
24
What is the remainder when 22782 is divided by 3871?
3427
Calculate the remainder when 9843634 is divided by 2711.
2704
Calculate the remainder when 597820 is divided by 1490.
330
Calculate the remainder when 101278 is divided by 33753.
19
What is the remainder when 2591348 is divided by 80977?
84
Calculate the remainder when 5727 is divided by 4605.
1122
What is the remainder when 65793285 is divided by 33?
30
What is the remainder when 503766 is divided by 4?
2
Calculate the remainder when 3240960 is divided by 170574.
54
Calculate the remainder when 54211814 is divided by 8877.
8852
What is the remainder when 172668 is divided by 1122?
1002
What is the remainder when 15357356 is divided by 488?
484
What is the remainder when 318507746 is divided by 66?
62
Calculate the remainder when 3322265 is divided by 22297.
12
What is the remainder when 484715154 is divided by 159?
156
Calculate the remainder when 84671 is divided by 39682.
5307
What is the remainder when 5093365 is divided by 268071?
16
What is the remainder when 18648 is divided by 1462?
1104
What is the remainder when 231276 is divided by 2965?
6
What is the remainder when 222546 is divided by 438?
42
Calculate the remainder when 14684222 is divided by 207.
56
What is the remainder when 24113870 is divided by 2187?
8
Calculate the remainder when 109909 is divided by 15599.
716
Calculate the remainder when 16440 is divided by 81.
78
Calculate the remainder when 21394 is divided by 21337.
57
Calculate the remainder when 19012102 is divided by 323.
322
What is the remainder when 14329 is divided by 238?
49
Calculate the remainder when 1061016 is divided by 353662.
30
What is the remainder when 7794593 is divided by 557?
492
Calculate the remainder when 15371683 is divided by 315.
313
Calculate the remainder when 20403 is divided by 9891.
621
Calculate the remainder when 20580 is divided by 6382.
1434
Calculate the remainder when 3145037 is divided by 12996.
5
Calculate the remainder when 252229 is divided by 819.
796
Calculate the remainder when 100925 is divided by 12611.
37
Calculate the remainder when 72322254 is divided by 6574749.
15
Calculate the remainder when 28984438 is divided by 872.
30
What is the remainder when 295879499 is divided by 108?
107
Calculate the remainder when 4716988 is divided by 4716973.
15
Calculate the remainder when 2306824 is divided by 1.
0
What is the remainder when 82721548 is divided by 474?
16
Calculate the remainder when 4652 is divided by 2549.
2103
What is the remainder when 1979191 is divided by 58210?
51
Calculate the remainder when 7070561 is divided by 491.
161
Calculate the remainder when 12502559 is divided by 23724.
11
What is the remainder when 323859 is divided by 2972?
2883
What is the remainder when 945630 is divided by 150?
30
What is the remainder when 243180 is divided by 121030?
1120
Calculate the remainder when 6928139 is divided by 36084.
11
Calculate the remainder when 5192605 is divided by 17844.
1
Calculate the remainder when 4116622 is divided by 742.
